{"id":129,"date":"2018-04-29T14:10:42","date_gmt":"2018-04-29T14:10:42","guid":{"rendered":"https:\/\/edilenio.tieduca.com\/rasmmel\/?page_id=129"},"modified":"2018-06-06T14:46:14","modified_gmt":"2018-06-06T14:46:14","slug":"seja-bem-vindo","status":"publish","type":"page","link":"https:\/\/edilenio.tieduca.com\/rasmmel\/","title":{"rendered":"Seja Bem-Vindo!"},"content":{"rendered":"<p><strong>Ol\u00e1, caro leitor!<\/strong><\/p>\n<p>Este blog \u00e9 sobre o\u00a0 curso de extens\u00e3o &#8220;<strong>Mapas em A\u00e7\u00e3o<\/strong>&#8221; e tem por objetivo disseminar o conhecimento acerca dos mapas mentais e conceituais, al\u00e9m de orientar na confec\u00e7\u00e3o destes mapas. Alcance a expans\u00e3o da produtividade, que sempre desejou, memorize conte\u00fados com mais facilidade, organize ideias diversas&#8230; Esses s\u00e3o apenas alguns dos benef\u00edcios proporcionados pelos mapas mentais e conceituais. Leia as informa\u00e7\u00f5es sobre o curso contidas no cartaz a seguir.<\/p>\n<p><strong><img loading=\"lazy\" decoding=\"async\" class=\"alignright size-large wp-image-229\" src=\"https:\/\/edilenio.tieduca.com\/rasmmel\/wp-content\/uploads\/2018\/05\/CARTAZ-BLOG-1-724x1024.png\" alt=\"\" width=\"724\" height=\"1024\" srcset=\"https:\/\/edilenio.tieduca.com\/rasmmel\/wp-content\/uploads\/2018\/05\/CARTAZ-BLOG-1-724x1024.png 724w, https:\/\/edilenio.tieduca.com\/rasmmel\/wp-content\/uploads\/2018\/05\/CARTAZ-BLOG-1-212x300.png 212w, https:\/\/edilenio.tieduca.com\/rasmmel\/wp-content\/uploads\/2018\/05\/CARTAZ-BLOG-1-768x1086.png 768w, https:\/\/edilenio.tieduca.com\/rasmmel\/wp-content\/uploads\/2018\/05\/CARTAZ-BLOG-1-1200x1697.png 1200w\" sizes=\"auto, (max-width: 724px) 85vw, 724px\" \/><br \/>\n<\/strong><\/p>\n<p>&nbsp;<\/p>\n<p>&nbsp;<\/p>\n<p>&nbsp;<\/p>\n<p>&nbsp;<\/p>\n<p>&nbsp;<\/p>\n<p>&nbsp;<\/p>\n<p>&nbsp;<\/p>\n<p>&nbsp;<\/p>\n<p>&nbsp;<\/p>\n<p>&nbsp;<\/p>\n<p>&nbsp;<\/p>\n<p>&nbsp;<\/p>\n<p>&nbsp;<\/p>\n<p>&nbsp;<\/p>\n<p>&nbsp;<\/p>\n<p>&nbsp;<\/p>\n<p>&nbsp;<\/p>\n<p>&nbsp;<\/p>\n<p><span style=\"color: #000080;\"><strong>Neste curso voc\u00ea aprender\u00e1 a usar mapas conceituais e mentais, poderosas ferramentas que potencializar\u00e3o o seu rendimento na organiza\u00e7\u00e3o de seus conhecimentos!<\/strong><\/span><\/p>\n<p>Explore nosso blog!<\/p>\n","protected":false},"excerpt":{"rendered":"<p>Ol\u00e1, caro leitor! Este blog \u00e9 sobre o\u00a0 curso de extens\u00e3o &#8220;Mapas em A\u00e7\u00e3o&#8221; e tem por objetivo disseminar o conhecimento acerca dos mapas mentais e conceituais, al\u00e9m de orientar na confec\u00e7\u00e3o destes mapas. Alcance a expans\u00e3o da produtividade, que sempre desejou, memorize conte\u00fados com mais facilidade, organize ideias diversas&#8230; Esses s\u00e3o apenas alguns dos &hellip; <a href=\"https:\/\/edilenio.tieduca.com\/rasmmel\/\" class=\"more-link\">Continue lendo<span class=\"screen-reader-text\"> &#8220;Seja Bem-Vindo!&#8221;<\/span><\/a><\/p>\n","protected":false},"author":1,"featured_media":224,"parent":0,"menu_order":0,"comment_status":"closed","ping_status":"closed","template":"","meta":{"footnotes":""},"class_list":["post-129","page","type-page","status-publish","has-post-thumbnail","hentry"],"_links":{"self":[{"href":"https:\/\/edilenio.tieduca.com\/rasmmel\/wp-json\/wp\/v2\/pages\/129","targetHints":{"allow":["GET"]}}],"collection":[{"href":"https:\/\/edilenio.tieduca.com\/rasmmel\/wp-json\/wp\/v2\/pages"}],"about":[{"href":"https:\/\/edilenio.tieduca.com\/rasmmel\/wp-json\/wp\/v2\/types\/page"}],"author":[{"embeddable":true,"href":"https:\/\/edilenio.tieduca.com\/rasmmel\/wp-json\/wp\/v2\/users\/1"}],"replies":[{"embeddable":true,"href":"https:\/\/edilenio.tieduca.com\/rasmmel\/wp-json\/wp\/v2\/comments?post=129"}],"version-history":[{"count":16,"href":"https:\/\/edilenio.tieduca.com\/rasmmel\/wp-json\/wp\/v2\/pages\/129\/revisions"}],"predecessor-version":[{"id":359,"href":"https:\/\/edilenio.tieduca.com\/rasmmel\/wp-json\/wp\/v2\/pages\/129\/revisions\/359"}],"wp:featuredmedia":[{"embeddable":true,"href":"https:\/\/edilenio.tieduca.com\/rasmmel\/wp-json\/wp\/v2\/media\/224"}],"wp:attachment":[{"href":"https:\/\/edilenio.tieduca.com\/rasmmel\/wp-json\/wp\/v2\/media?parent=129"}],"curies":[{"name":"wp","href":"https:\/\/api.w.org\/{rel}","templated":true}]}}